11 - 5*w - 13. Let q(m) be the second derivative of 11*m**3/6 - 9*m**2 + m. Let r(u) = 13*b(u) + 6*q(u). Determine r(-4).
5
Let d(v) = 2 - 59*v + 25*v - 7*v**2 - 1 + 5 - 2. Determine d(-5).
-1
Let v(g) be the second derivative of -1/24*g**4 + 0 - 5/6*g**3 - 1/120*g**5 - 2*g + 0*g**2. Let f(i) be the second derivative of v(i). What is f(0)?
-1
Let k(f) = -7*f**2 - f + 5. Let w(m) = 20*m**2 + 2*m - 14. Let q(u) = 11*k(u) + 4*w(u). Suppose 11 - 18 = 7*v. Give q(v).
5
Suppose -y + 0*y = 2*v - 253, -2*y - 2*v + 512 = 0. Let a = y - 251. Let l(o) = 3*o - 18. Determine l(a).
6
Let b = 233 - 214. Let d(u) = 5 - 9*u + b*u - 11*u. What is d(6)?
-1
Let d be 32/48 + 29/(-3). Let q be (-6)/d - 6/9. Suppose -2*h + 3*m + 5 = q, 13 = 4*h - 5*m + 2*m. Let w(t) = t**2 - 4*t - 3. Determine w(h).
-3
Let a(d) = 4*d - 21. Let f be a(6). Let k be 8/(3/(-10)*f/(-9)). Suppose 2 = -h - 2*s - 0, 0 = -5*h + 4*s - k. Let l(x) = x + 14. Determine l(h).
2
Suppose 78*t = 101*t - 92. Let l(f) be the third derivative of 0*f + 0 + 1/3*f**3 - 7/24*f**t + 3*f**2. What is l(2)?
-12
Suppose -5*c = -4*q - 23, -2*q + 2 = 6. Suppose 70*f = 18*f + 208. Let v(o) = 6 + c*o - 5 + 2 - f. Give v(6).
17
Suppose -39 = -2*s - 41, 0 = 4*j + 2*s - 46. Let b(v) = v**3 - 10*v**2 - 13*v - 39. Determine b(j).
93
Let m(b) = -16*b**2 + 40*b + 10. Let l(f) = 3*f**2 - 8*f - 2. Let p(v) = 11*l(v) + 2*m(v). Suppose -61*a + 60*a = -7. Suppose 0*i - 49 = -a*i. Give p(i).
-9
Suppose -10 = -r + 2*g, 3*r = -r + 5*g + 40. Let c(n) = -n + 5 - 20 + r. Let d = 20 - 26. Determine c(d).
1
Let k(u) = -u**3 - u**2 + 4. Let g be k(2). Let s be ((594/g)/3)/(2/8). Let h be (2/(-3))/(11/s). Let i(x) = x**2 - 6*x. Calculate i(h).
0
Suppose 19*p - 20*p = -u - 18, -4*p = -28. Let o(k) = -k**3 - 10*k**2 + 4*k - 22. Give o(u).
55
Let i(x) be the second derivative of 1/6*x**3 - 2*x - 141 - 11*x**2. Calculate i(12).
-10
Let m(u) = -3*u - 101. Let g = -12675 - -12658. Determine m(g).
-50
Let v(q) = 1. Let i(m) = -m + 1. Let b(t) = 2*i(t) - 2*v(t). Let p = -238 - -195. Let c be ((-16)/6)/(p/(-129)). Calculate b(c).
16
Let u(j) = -21*j**2 - 24*j + 5. Let q(g) = 3*g - 3. Let c(p) = -5*q(p) - u(p). Calculate c(-1).
22
Let n(l) be the first derivative of -21*l**2/2 - 255*l - 4412. Calculate n(-12).
-3
Suppose -f - 8*f + 225 = 0. Suppose -2*v = t + 7, f = 5*t - 4*v + 2*v. Let h(q) = -17*q**t - 20*q**3 + q + 27*q**3. Calculate h(1).
-9
Let w(i) = -17*i + 5*i + 8*i - 2*i - 82 + 8*i. Calculate w(-21).
-124
Let b(u) = -u**2 - 2*u + 15. Let a(n) = 475*n - 1430. Let r be a(3). Determine b(r).
0
Let w(p) be the first derivative of -p**2/2 - 12*p - 2. Let v(d) = -1. Let l(c) = 2*v(c) - w(c). Suppose 0 = -6*k + 9*k + 9*k. Give l(k).
10
Suppose -5*g + 28 = -4*z - 15, -5*z + 15 = 0. Let j(h) = 205091*h + 205091*h - 410183*h + 3. Calculate j(g).
-8
Let l(o) = -o**3 - 12*o**2 + 2. Let n = -3121 - -3109. Determine l(n).
2
Let l = -336 + 329. Let i be 13/(-65) + (-52)/(-10). Let q(s) = -4*s - s**2 + 2 - i + 9. Calculate q(l).
-15
Let u(q) = q. Let p(j) = -11*j + 4. Let a(s) = p(s) + 2*u(s). Let r = 6 + 10. Suppose -12*f - 12 = -r*f. Give a(f).
-23
Let s(m) = -4*m + 1. Let b(i) be the first derivative of -i**4/2 - 6*i**3 - 3*i**2/2 - 22*i + 37. Let d be b(-9). Suppose 8 - 28 = -d*x. Determine s(x).
-15
Let y(g) = 77*g**3 - 2 + 7*g**2 + 3*g**2 - 65*g**3 - 5*g - 12*g**2. Calculate y(-1).
-11
Let n(i) = 3*i**2 + 418*i - 419. Let x be n(1). Let h(b) = -b**2 + 5*b + 2. Determine h(x).
8
Let x(z) = -z - 9. Let a(d) be the second derivative of d**5/20 - d**4/4 - 5*d**3/6 + 2*d**2 + 6*d. Suppose -4*p = 80 - 96. Let g be a(p). What is x(g)?
-9
Let t(h) = -5*h**2 + 45*h - 11. Suppose -6824*l + 6843*l - 171 = 0. Determine t(l).
-11
Let s(k) be the third derivative of k**6/120 + 13*k**5/60 - 7*k**4/12 + 4*k**3/3 - 25*k**2. Let z be 14/8*6*4/(-3). Give s(z).
8
Let o(l) = -3*l**2 + 2*l + 1. Let u = -580 + 622. Suppose -5*h - 37*h - u = 0. What is o(h)?
-4
Let h(l) = -l**3 + 8*l**2 + 2*l - 64. Suppose 103*f + 101*f = 192*f + 84. Give h(f).
-1
Let f = -194 - -197. Suppose o - 14 = n + f*n, 3*o - 22 = 2*n. Let y(t) = -t**3 + 6*t**2 - t - 1. Give y(o).
-7
Let a(p) = -13*p + 119. Let g(f) = -214*f + 863. Let w be g(4). What is a(w)?
28
Suppose 41 + 46 = 29*p. Let y(s) = -s + 4*s - 1 - 7*s + p*s. Calculate y(-5).
4
Let m(j) be the first derivative of -j**4/4 + 14*j**3/3 + 17*j**2/2 - 35*j - 14807. Determine m(15).
-5
Let n(u) be the third derivative of u**4/4 + 4*u**3/3 - u**2. Suppose -3*k + 11*l + 81 = 0, -175*l = 3*k - 180*l - 27. What is n(k)?
-28
Let a(f) = -2*f + 7. Let p = 70 - 65. Suppose 0*j + 24 = p*j - 3*m, 4*j - 2*m = 18. Suppose j = -2*v + 13. Give a(v).
-3
Let k(g) be the third derivative of g**6/120 - 13*g**5/30 - g**4/12 + 59*g**3/6 + g**2 - 221. Determine k(26).
7
Let r = -14 + 26. Let y = -20 + r. Let w(d) = -38*d + 4 - d**2 + 53*d - 23*d. Determine w(y).
4
Let m(a) = 997 - 332 - 5*a**2 + a**3 - 330 - 330 - 3*a**2. Let i = 0 - -8. What is m(i)?
5
Let v(x) = 3*x - 20. Let w = 2103 - 1330. Suppose -767*b = -w*b + 42. What is v(b)?
1
Let a(k) = -k**2 + 1647*k + 2*k**2 - 1639*k - 26 + 14. Give a(-10).
8
Let l(s) = -8*s**3 + 24*s**2 - 5*s + 197. Let o(g) = 2*g**3 + 8*g**2 - g. Let c(a) = l(a) + 3*o(a). What is c(24)?
5
Suppose -11 = 2*p - u, 2*p = 2*u - 11 + 1. Let h(l) be the third derivative of -l**6/120 - l**5/12 + l**4/3 - l**3/6 + 63*l**2 + 2*l + 1. What is h(p)?
-13
Let g be 75/(-2)*(-78)/117. Let m(i) = -3*i + 84. Give m(g).
9
Let f(a) = 8*a**2 - 2*a + 1. Suppose -y + 5*y - 140 = 0. Suppose -y*m + 2 = -34*m. Let p be m/(0 + (1 - -1)). What is f(p)?
7
Let m = -11392 + 11385. Let k(o) = -o**3 - 7*o**2 - 9*o + 1. Determine k(m).
64
Let d(n) = -1062*n - 18062. Let h be d(-17). Let f(b) = 2 + 2 + 0 - 3*b. What is f(h)?
28
Let k(p) = -p**2 - 3*p + 3. Let s(b) = b**3 - 31*b**2 - 34*b + 79. Let c be s(32). Suppose 0 = -c*f + 7*f - 24. Give k(f).
3
Let o(y) = -y**3 - 24*y**2 + 28*y + 68. Let v = 4429 - 4454. Give o(v).
-7
Let x(r) = -r**2 - 5*r. Let z(m) = 2*m**2 - 15*m - 50. Let o be z(10). Suppose o = -2*s - 4*k + 4, -2*s + 31 = -6*s + 5*k. What is x(s)?
4
Suppose 1596 - 2802 = 201*p. Let q(z) = 20*z + 117. Calculate q(p).
-3
Let c(s) = 7 - 18586*s**2 + 37162*s**2 - 18574*s**2 + 7*s. Calculate c(-4).
11
Let h be 240/(-80) + (-1 - -1). Let d(u) = -2*u - 1. Let f(y) = -y. Let m(r) = 2*d(r) - 5*f(r). Let w be m(h). Let c(t) = -t + 1. What is c(w)?
6
Suppose -5*h - 2*h = -91. Let z = h - -8. Suppose 3*y - 2*d = d + z, -d = y - 5. Let q(b) = -b**3 + 6*b**2 + 2. Calculate q(y).
2
Let g(n) = n - 11. Let j(z) = 1. Let y(o) = g(o) + 6*j(o). Suppose -5*b = -7*b + 66. Suppose -24 = b*f - 37*f. Determine y(f).
1
Let a(x) = 11*x**2 - 13*x + 4. Let g(w) = -5*w**2 + 6*w - 2. Let q(l) = -4*a(l) - 9*g(l). Suppose -4*t - 12 = 3*s, 4*s + 55*t - 56*t - 22 = 0. Determine q(s).
10
Let u(k) = -4*k - 2. Let j(o) = o**2 - 19*o + 1. Let f be j(16). Let a = f - -16. Let z = -34 - a. Determine u(z).
10
Suppose -5*s = -9*s + 12. Let m be 0/s + 4 + 2. Let i(a) = a - 6. Give i(m).
0
Let w(v) = -2*v**3 + 6*v**2 - v + 4. Let t(i) = -3*i**2 - 3*i + 5. Let n be t(1). Let p(o) = -o**3 - o. Let y(j) = n*w(j) + p(j). Let b = 0 - -6. Give y(b).
-4
Let x(b) = 6*b + 17. Let r(p) = -9*p - 22. Let y(s) = -5*r(s) - 7*x(s). Let m = -294 + 299. Determine y(m).
6
Let f(u) be the second derivative of u**3/2 + u**2/2 - 396*u. Let p = 1 - 1. Let k be (0 + 1 + p)*-2. Determine f(k).
-5
Let s(a) be the first derivative of a**3/3 + 10*a**2 - 97*a - 5284. Give s(-24).
-1
Let c(m) = m + 7. Suppose -t + 5*i - 10 = 0, -i + 4 = t + 2. Suppose t = 7*u - 5*u - n + 14, -4*u - 14 = 5*n. Calculate c(u).
1
Let s = 264 - 262. Let q(u) = -100*u**2 + 7 + 11 + 52*u**2 + 49*u**s - 8*u. Give q(5).
3
Suppose -4*l = -2*r + l + 109, -104 = -2*r + 4*l. Suppose -3*x - 3*x + r = 0. Let w(c) = -16*c**3 - 6*c + 133*c**2 + 17*c**3 - 139*c**2. What is w(x)?
7
Let k(g) = g**2 - 8*g + 6. Let i be k(4). Let q be ((-12)/i)/(14/35) - 1. Let p(l) = 0*l**2 - l**3 - 2*l**2 - 4*l**2 - 1 + l**q - 3*l. What is p(-4)?
-5
Let f(q) = -q + 18. Let a(g) = -g**3 - 30*g**2 + 65*g + 13. Let u(s) = s**3 + 28*s**2 - 66*s - 13. Let n(j) = 4*a(j) + 5*u(j). Let p be n(-23). Give f(p).
8
Let j(m) be the second derivative of -m**6/360 + 11*m**5/120 + m**4/1